2*x + 6. What is the remainder when (-3)/(-6 + 3)*7 is divided by c?
3
Suppose -267 + 103 = -3*f - 2*h, 5*h = f - 66. Suppose 0 = 3*l + 19 + 5. Let s = 11 - l. What is the remainder when f is divided by s?
18
What is the remainder when 26 is divided by (-2)/((32/(-28))/4)?
5
Let j(u) = -u**2 - 7*u - 6. Suppose 0 = -5*r + 6 - 31. Calculate the remainder when 13 is divided by j(r).
1
Suppose -3*l - 3*k = -105, 3*l + k - 6*k = 113. What is the remainder when l is divided by 13?
10
Let b(q) = -9*q - 49. Suppose -2*l = -5*l + 36. Calculate the remainder when b(-8) is divided by l.
11
Let g = -3 - -18. What is the remainder when g is divided by 4?
3
What is the remainder when 2 + -4 + 111 + (-1 - 1) is divided by 36?
35
Let m = 27 + -15. What is the remainder when 43 is divided by m?
7
Let j = 11 + 56. Calculate the remainder when j is divided by 17.
16
Suppose 3*l - 4 = l. Let r(c) = -7*c**2 + 0*c**3 - l - 7 + 0*c + 4*c + c**3. What is the remainder when 55 is divided by r(7)?
17
Let h = 27 + 1. Calculate the remainder when 4/(-6) + (-8040)/(-72) is divided by h.
27
Let x = -7 - -12. Suppose x - 44 = -3*h. Calculate the remainder when h is divided by 7.
6
Suppose 4 = 4*r, z - 3*r = -2*z + 48. Suppose 37*f - 1368 = -221. Calculate the remainder when f is divided by z.
14
Let h = -40 + 45. What is the remainder when 39 is divided by h?
4
Let x(n) = n**3 + 10*n**2 + 8*n + 1. Calculate the remainder when 38 is divided by x(-9).
8
Let z = -1 - -2. Let t = z + 1. Suppose -t*d = 3*d - 25, 5*w - 60 = -d. Calculate the remainder when w is divided by 4.
3
Let d(c) = c**2 - c - 10. Let p be d(-8). Suppose p + 78 = 5*q. Suppose -65 = -5*a - 5*f, -3*a = 4*f - 14 - 28. Calculate the remainder when q is divided by a.
8
Suppose 0 = 7*d - d - 534. What is the remainder when d is divided by 23?
20
Suppose 0 = -2*w + 6*w - 2*q - 50, -3*w + 2*q = -40. What is the remainder when w is divided by 4?
2
Suppose d - 4*n + 0*n = 62, -3*n = -d + 64. Suppose f + 4*f + d = 0. Let j = f + 21. What is the remainder when 19 is divided by j?
5
Let l(t) = -4*t**3 + t**2 + t. Calculate the remainder when l(-2) is divided by 12.
10
Let t(v) = -v**3 + 3*v**2 + 5*v - 1. Suppose -7*a + 24 = -4*a. Suppose 4*y + 0 - a = 0. What is the remainder when t(4) is divided by y?
1
Let d = -10 + 24. Calculate the remainder when (2 + -3)*-1 - -52 is divided by d.
11
Let f(m) = 8*m - 1. Let p = -6 + 7. Let u be f(p). What is the remainder when 58/u + 4/(-14) is divided by 5?
3
What is the remainder when (-56)/(-140) - (168/(-5) + 0) is divided by 5?
4
Suppose z = -h + 5, -5*z = -h + 4 - 53. What is the remainder when 25 is divided by z?
7
Let t(r) be the first derivative of 5*r**2/2 - 4*r - 3. Calculate the remainder when 24*(8/6)/1 is divided by t(3).
10
Let w = -6 - -10. Suppose 3*m - 6 = 3. Suppose -50 = -2*y - 3*y - 4*g, m*y - 4*g + 2 = 0. Calculate the remainder when y is divided by w.
2
Let y(d) = -8*d + 12. Let w be y(13). Let p be w/(-10) - 2/10. Suppose 72 = 4*o + 4*n, 4*n - p = o - 2. What is the remainder when 25 is divided by o?
12
Suppose 25 = -r + 6*r. Suppose 25 = r*x, 4*t - 3*t - 67 = -4*x. Suppose 4*f - 8 = -y, -3*y - f = -2 - 44. What is the remainder when t is divided by y?
15
Let p = 0 - -106. Calculate the remainder when p is divided by 37.
32
Suppose -2 = -y + 4. Calculate the remainder when 27 is divided by y.
3
Suppose 4*k + 207 = 5*b, -b + 35 = k - 1. Calculate the remainder when 154 is divided by b.
37
Suppose -4*q - s = -279, 0 = -0*q - q - 2*s + 61. Let p = q - 41. What is the remainder when 57 is divided by p?
27
Let c(z) = 2*z**2 + 9*z + 4. Suppose -2*h + 8 = -4. Suppose 2*k + t + h = 25, 4*k - 26 = 2*t. Calculate the remainder when c(-6) is divided by k.
6
Let a(t) = -2*t + 21. What is the remainder when 79 is divided by a(6)?
7
Suppose 5*v = -3*a - 120, 0*v - 4*a = 2*v + 62. Calculate the remainder when (v/6)/(1/(-12)) is divided by 15.
12
Let n(i) = -i + 5. Let m(s) = -4 + 4 - 3*s + s - 3. Calculate the remainder when n(3) is divided by m(-2).
0
Let x(b) = -5*b - 1. Let j be x(-2). Suppose -15 = -3*c, j = -l - 2*c + 32. Calculate the remainder when 36 is divided by l.
10
Let c(h) = 3*h**2 - 2*h - 7. Let w(b) = b**2 - 1. Let j(t) = -c(t) + 6*w(t). What is the remainder when 31 is divided by j(2)?
14
Let j = 117 + -110. Suppose q + 61 = 3*u, 0 = 2*u + 3*u - 4*q - 104. What is the remainder when u is divided by j?
6
Let x = 8 + -4. Let u = x - -2. Calculate the remainder when 21 is divided by u.
3
Suppose 2*a = -10, -4*z = -2*z + 4*a + 6. What is the remainder when z is divided by 3?
1
Let z = -19 + 17. What is the remainder when 44 is divided by (23 - 0)/(z - -3)?
21
Let c(y) = y**3 + 3*y**2 - 6*y - 1. Let z(t) be the second derivative of -t**3/3 - t**2 - 6*t. What is the remainder when c(-4) is divided by z(-3)?
3
Let i(g) = -g**2 - 16*g + 4. Calculate the remainder when 4 is divided by i(-16).
0
Suppose 0*i = 5*u - 3*i - 107, 0 = -3*u + 4*i + 73. What is the remainder when u is divided by 5?
4
Calculate the remainder when 87 is divided by -31*(-3)/6*2.
25
Let v(d) = d**2 + 5*d - 11. Suppose -8 = -4*m, x - 5*x + 2*m + 96 = 0. Calculate the remainder when x is divided by v(-8).
12
Suppose -c - 3 = 0, 0 = -z - 3*c + 26 + 6. Let g = z - 12. What is the remainder when 86 is divided by g?
28
Suppose -3*z + 57 = -3. Calculate the remainder when z is divided by 7.
6
Let w(d) = d**2 - 3*d + 3. Suppose -805 = -15*v - 8*v. What is the remainder when v is divided by w(5)?
9
Let c = 20 - 1. What is the remainder when (36/(-1))/(-1) - 1 is divided by c?
16
Let s be (-3)/(-12) + 159/4. Suppose 4*f + s + 40 = 0. Calculate the remainder when 57 is divided by 4/(32/(-6))*f.
12
Let v(d) = 2*d - 131. Let h be v(0). Let u = -51 - h. What is the remainder when u is divided by 27?
26
Suppose -q + 2 = -4. Let t = q - 12. What is the remainder when (-114)/(t/2) + 2 is divided by 14?
12
Let a = -229 - -239. Let d = 31 - 14. What is the remainder when d is divided by a?
7
Suppose -b + 22 = 5. Let k(m) = -m. Let w be k(0). Suppose 2*i + 2*i + 4*d = 120, d + 3 = w. Calculate the remainder when i is divided by b.
16
What is the remainder when 76 is divided by 2682/135 + 4/30?
16
Suppose 63*h = 66*h - 54. Calculate the remainder when 124 is divided by h.
16
Calculate the remainder when (-3)/12 + (1 - (-1839)/12) is divided by 31.
30
Let f be (-180 - 3)*(-4)/6. Suppose -2*p + f + 4 = 0. Calculate the remainder when p is divided by 33.
30
Let o(v) be the third derivative of v**5/60 - v**4/6 + 7*v**3/6 - 5*v**2. Calculate the remainder when 47 is divided by o(5).
11
Let u be (-3)/6 + (-818)/(-4). Suppose -2*n + 6*n = u. Calculate the remainder when n is divided by 18.
15
Let r(h) = -4*h - 7. Let u(x) = 5*x + 8. Let v(s) = -3*r(s) - 2*u(s). Calculate the remainder when v(13) is divided by 11.
9
Suppose 33 = 3*y - 6*i + 7*i, 0 = i - 3. What is the remainder when 33 is divided by y?
3
Let s be (-2)/10 + 8/(-10). Let k = s + 6. Suppose 88 = 5*a + 5*f - 67, -k*a = 3*f - 149. What is the remainder when a is divided by 10?
8
Let g(n) = -6*n**3 - 3*n**2 - 2*n - 3. What is the remainder when g(-2) is divided by 10?
7
Let r = 111 + -60. What is the remainder when r is divided by 11?
7
Let i(f) = f**3 - 4*f - 1. What is the remainder when i(3) is divided by 9?
5
Let z = 60 - 44. Let l(m) = -20*m + 3. Calculate the remainder when l(-3) is divided by z.
15
Suppose -4*r + 12 = y, -r + 9 = -4*y + 23. Calculate the remainder when -1 + ((-4)/y - -21) is divided by 11.
8
Let z(x) = 17*x**2 - 4*x + 5. Calculate the remainder when z(2) is divided by 11.
10
Suppose 3 = i - 16. What is the remainder when 73 is divided by i?
16
Let v(k) = 2*k + 3. Let d be v(-2). Let x = d + 2. Suppose -4*w = -0*w - 4. Calculate the remainder when x is divided by w.
0
Suppose 0 = -3*k + o + 21, k + 2*o - 4*o = 7. Suppose -112 = -k*g + 3*g. What is the remainder when g is divided by 8?
4
Let z be (-36)/(-8) - (-1)/2. Suppose -z*v + 33 = -t, 3*v = -v + 5*t + 18. What is the remainder when 34 is divided by v?
6
Suppose -r + 18 = -3*z, -3*z = z + 4*r + 8. Let i be 2/4*-2 - z. What is the remainder when ((-27)/(-2))/(2/i) is divided by 14?
13
Let q be 3*(-1)/(-3) - -22. Calculate the remainder when 22 is divided by (-2)/(-4) + q/2.
10
Let y